821050 a multiple of 244?
False
Is 462501699 a multiple of 64?
False
Does 976 divide 127957897?
False
Is 225839595 a multiple of 5?
True
Is 2028159834 a multiple of 58?
True
Is 42581816 a multiple of 4?
True
Does 327 divide 5849600?
False
Does 53 divide 24126979?
False
Is 203 a factor of 28004900?
False
Is 143 a factor of 2145000?
True
Is 546291660 a multiple of 633?
True
Is 486110431 a multiple of 196?
False
Does 63 divide 6190530?
False
Is 12984 a factor of 1447222608?
True
Is 208619381 a multiple of 871?
False
Is 14 a factor of 11391635?
False
Is 196992372 a multiple of 492?
True
Does 2891 divide 15640310?
True
Is 261439622 a multiple of 2469?
False
Does 28 divide 23276456?
True
Does 9 divide 25353666?
True
Is 669820476 a multiple of 12?
True
Is 106366454 a multiple of 20?
False
Does 3 divide 91216419?
True
Is 961 a factor of 66255184?
True
Is 15 a factor of 1510492?
False
Does 47 divide 1487622004?
True
Does 2125 divide 3339505500?
True
Does 273 divide 2064440772?
False
Is 1340553222 a multiple of 2060?
False
Is 20 a factor of 66619820?
True
Is 385779336 a multiple of 4?
True
Does 2517 divide 54209235?
False
Is 502707711 a multiple of 33?
True
Is 114979942 a multiple of 19?
False
Does 27 divide 582625?
False
Is 265 a factor of 6527897?
False
Does 8 divide 98863872?
True
Is 36 a factor of 263903765?
False
Does 27 divide 89617447?
False
Is 1182 a factor of 445636331?
False
Is 929 a factor of 1421370?
True
Does 1117 divide 11596694?
True
Does 7 divide 1431349819?
False
Does 10 divide 201408350?
True
Is 23263539 a multiple of 83?
False
Is 632737467 a multiple of 393?
True
Is 15 a factor of 1070655?
True
Is 106 a factor of 210747929?
False
Does 16 divide 11850352?
True
Is 1811623659 a multiple of 840?
False
Is 24 a factor of 472008264?
True
Is 43 a factor of 44817698?
False
Is 137229044 a multiple of 118?
True
Is 124 a factor of 11539499?
False
Is 1243 a factor of 3548876558?
False
Is 1552046353 a multiple of 8982?
False
Is 438158364 a multiple of 14?
True
Is 25 a factor of 11757425?
True
Is 248212512 a multiple of 3144?
True
Is 18 a factor of 1334745586?
False
Is 40 a factor of 28736840?
True
Is 6684816 a multiple of 13?
False
Is 58802694 a multiple of 390?
False
Is 657 a factor of 733299931?
False
Is 15 a factor of 83710335?
True
Does 16 divide 173337984?
True
Is 187 a factor of 240153254?
True
Does 99 divide 13827366?
False
Does 2217 divide 247375955?
False
Does 10 divide 2798713?
False
Does 587 divide 3410733081?
False
Is 10 a factor of 37839400?
True
Is 19477706 a multiple of 78?
False
Is 45 a factor of 55256208?
False
Is 102195003 a multiple of 26?
False
Does 22 divide 1591834243?
False
Is 921071130 a multiple of 3287?
False
Is 5097536 a multiple of 12?
False
Is 108 a factor of 49197240?
True
Is 19 a factor of 32834451?
True
Is 315 a factor of 94934700?
True
Is 748 a factor of 6365350138?
False
Is 235779381 a multiple of 398?
False
Is 429 a factor of 819010335?
True
Does 183 divide 3586572165?
True
Is 34 a factor of 12393034?
True
Does 10 divide 1351836451?
False
Does 28 divide 27049008?
True
Does 1087 divide 134869525?
True
Does 2529 divide 240070383?
True
Is 1968 a factor of 255956112?
True
Does 14 divide 2905138850?
False
Is 149860958 a multiple of 224?
False
Is 88 a factor of 477529184?
True
Does 2126 divide 1192788626?
False
Does 118 divide 213750167?
False
Is 784 a factor of 613552128?
True
Is 185493483 a multiple of 8?
False
Is 160 a factor of 33223338?
False
Is 159 a factor of 170625882?
False
Is 795 a factor of 64339350?
True
Is 35 a factor of 3269769394?
False
Does 331 divide 16805897?
False
Does 190 divide 638977?
False
Is 482766116 a multiple of 2723?
True
Is 390 a factor of 883121460?
True
Is 3971601 a multiple of 26?
False
Is 34532104 even?
True
Is 101 a factor of 29228817?
False
Is 31 a factor of 1198177427?
False
Is 4 a factor of 19294876?
True
Is 10 a factor of 472696810?
True
Is 1163 a factor of 122210366?
True
Does 73 divide 62594035?
False
Is 6247214 a multiple of 23?
True
Does 34 divide 3779916?
True
Does 14 divide 218712619?
False
Is 744 a factor of 3304848?
True
Is 3554 a factor of 308493591?
False
Does 425 divide 27823900?
True
Is 824 a factor of 26057918?
False
Is 353530609 a multiple of 18?
False
Is 5926343 a multiple of 78?
False
Does 51 divide 807705054?
True
Does 7 divide 523588614?
False
Is 21 a factor of 202413183?
True
Does 16 divide 398485026?
False
Is 10662138 a multiple of 94?
True
Is 297 a factor of 198655875?
True
Does 2673 divide 45986292?
True
Does 4 divide 126938484?
True
Is 69717229 a multiple of 552?
False
Does 152 divide 71887184?
True
Does 11 divide 410667334?
True
Does 45 divide 271491078?
False
Is 208 a factor of 43195776?
True
Is 48053113 a multiple of 492?
False
Does 17 divide 25055307?
False
Is 13068220 a multiple of 22?
True
Is 215423433 a multiple of 34?
False
Is 622248179 a multiple of 618?
False
Is 5851368 a multiple of 72?
True
Is 7931250 a multiple of 299?
False
Is 33951726 a multiple of 9?
True
Is 8 a factor of 2103435184?
True
Does 10558 divide 1640203143?
False
Is 211260750 a multiple of 575?
True
Is 22 a factor of 3892319?
False
Is 52 a factor of 61166664?
True
Does 39 divide 24470767?
False
Is 80392732 a multiple of 7?
True
Is 628 a factor of 710681224?
True
Is 32 a factor of 3806848?
True
Is 79651889 a multiple of 52?
False
Is 241819294 a multiple of 15?
False
Is 230439334 a multiple of 21?
False
Is 1392832127 a multiple of 834?
False
Is 824 a factor of 1744292640?
True
Does 5852 divide 2114463371?
False
Is 15 a factor of 341430?
True
Is 8406 a factor of 460900980?
True
Does 171 divide 67148619?
False
Is 3059 a factor of 3588726312?
False
Is 56921735 a multiple of 2015?
True
Is 18351396 a multiple of 7?
True
Does 22 divide 5351442?
False
Is 76 a factor of 75132614?
False
Is 83028078 a multiple of 8?
False
Is 3199668459 a multiple of 267?
True
Is 431 a factor of 1266278?
True
Is 1063735111 a multiple of 1699?
False
Is 7815 a factor of 1592787660?
False
Does 56 divide 8181880?
True
Does 17 divide 259177461?
True
Is 62367760 a multiple of 1820?
True
Does 64 divide 503419141?
False
Is 948 a factor of 579872640?
True
Is 246828810 a multiple of 30?
True
Does 9 divide 834714?
True
Does 3 divide 531793926?
True
Is 8886 a factor of 804023052?
True
Is 46 a factor of 638117566?
True
Is 989 a factor of 305994622?
True
Is 1696 a factor of 358554009?
False
Is 219315202 a multiple of 10?
False
Is 59551816 a multiple of 17?
True
Is 24 a factor of 908880?
True
Is 493 a factor of 622351368?
True
Is 222 a factor of 3549780?
True
Does 209 divide 736645400?
False
Is 60118194 a multiple of 36?
False
Does 42 divide 27378162?
True
Is 109167275 a multiple of 1085?
True
Is 7543800 a multiple of 264?
True
Is 25932929 a multiple of 2655?
False
Is 13 a factor of 12037363?
True
Does 48 divide 1459661424?
True
Does 460 divide 636094441?
False
Does 686 divide 67276706?
True
Is 7435671 a multiple of 3?
True
Is 31 a factor of 26214003?
True
Is 92 a factor of 17819573?
False
Is 259958986 a multiple of 9?
False
Does 19 divide 148316641?
True
Is 52112794 a multiple of 21?
False
Is 55 a factor of 233860?
True
Is 11 a factor of 249199819?
True
Does 66 divide 325557606?
True
Is 65 a factor of 44267340?
True
Is 100 a factor of 115736678?
False
Is 158417056 a multiple of 606?
False
Is 30191038 a multiple of 218?
True
Is 111 a factor of 64373392?
False
Is 61082595 a multiple of 63?
True
Does 29 divide 40607105?
True
Does 250 divide 106166750?
True
Does 805 divide 3535194530?
True
Is 79306614 a multiple of 101?
True
Is 70 a factor of 538448610?
True
Does 26 divide 629670106?
True
Is 79 a factor of 730066119?
False
Is 14 a factor of 517058499?
False
Does 73 divide 506978211?
True
Is 530 a factor of 14372010?
True
Is 588 a factor of 857168760?
True
Is 13 a factor of 682463444?
True
Does 1085 divide 774191985?
True
Does 43 divide 66411316?
False
Is 35 a factor of 207207237?
False
Is 9 a factor of 7861760?
False
Is 734579383 a multiple of 12?
False
Is 66157343 a multiple of 390?
False
Does 1441 divide 189658464?
False
Is 6051941985 a multiple of 465?
True
Is 36015663 a multiple of 279?
False
Is 665 a factor of 548028634?
False
Is 69 a factor of 12010140?
True
Is 6638 a factor of 312676352?
True
Is 676 a factor of 2358868